 15, what is 21b9ea65 - 1?
21b9ea64
In base 14, what is -65c9 - 2ca9?
-9494
In base 5, what is 4321110 - 103430?
4212130
In base 4, what is 10 + 10310313120?
10310313130
In base 12, what is -3a714a + -252?
-3a73a0
In base 15, what is 1 - -4c667c?
4c667d
In base 14, what is 45014a - 0?
45014a
In base 2, what is -110 + 111000011101100010?
111000011101011100
In base 16, what is 2 - -39d44?
39d46
In base 13, what is -4107c3 + -14?
-410807
In base 4, what is 1301 - 1210330?
-1203023
In base 9, what is -246678107 - 5?
-246678113
In base 14, what is -16ac3 + -368?
-1704b
In base 11, what is 149a1a875 + 0?
149a1a875
In base 12, what is a909249 + 5?
a909252
In base 3, what is 1221 - 2012122111002?
-2012122102011
In base 9, what is -5615022 - 0?
-5615022
In base 2, what is -1000001011 + 11101110101100111?
11101101101011100
In base 9, what is -18 - 28202203?
-28202222
In base 2, what is 10010011111 + 100001101010?
110100001001
In base 3, what is 112020 - -10020121101010?
10020121220100
In base 4, what is 1002021 + -1203121?
-201100
In base 8, what is 57 + -1064252?
-1064173
In base 5, what is -2014041433 - 13?
-2014042001
In base 5, what is -4 - 4122233420?
-4122233424
In base 16, what is 3fd - 19a86?
-19689
In base 16, what is 2 - -3b0d259?
3b0d25b
In base 11, what is 17 - -58744107?
58744123
In base 8, what is -262625 - 147?
-262774
In base 14, what is -2301711 + -5?
-2301716
In base 3, what is -10221 + 20221210122011?
20221210111020
In base 13, what is 1 + 1894c100?
1894c101
In base 4, what is -3232132 + -21213202?
-31112000
In base 15, what is -a26ba5 - 0?
-a26ba5
In base 15, what is -1b00586 - -7?
-1b0057e
In base 16, what is 1 + -297fd06?
-297fd05
In base 11, what is -2818370 + 8?
-2818363
In base 13, what is 3176bb - -2c3?
3179b1
In base 11, what is 1 - -1572374?
1572375
In base 8, what is -41 + 3362207?
3362146
In base 9, what is 205 - 681235?
-681030
In base 5, what is -24234432 + -121444?
-24411431
In base 4, what is -12 + 12111000012?
12111000000
In base 6, what is -5132 - 303?
-5435
In base 8, what is -11653 + -1507?
-13362
In base 7, what is 40301415 - 1?
40301414
In base 6, what is 105 - 100003114?
-100003005
In base 4, what is -11 - -21223122111?
21223122100
In base 2, what is 10000111100101001010 - 1011?
10000111100100111111
In base 11, what is 58 + -181137?
-18108a
In base 15, what is 0 - -7e53890?
7e53890
In base 4, what is -1222300113123 + -11?
-1222300113200
In base 2, what is 1110010111111100001001 - 111?
1110010111111100000010
In base 8, what is -142 - -1261075?
1260733
In base 12, what is 3 - 124776b0?
-124776a9
In base 7, what is -242264 - 32235?
-304532
In base 11, what is 3 + 2344130?
2344133
In base 11, what is 301 + -1489?
-1188
In base 8, what is -116500 - -576?
-115702
In base 2, what is 101 + 100100001110100100001110?
100100001110100100010011
In base 7, what is 1 + -4445635642?
-4445635641
In base 6, what is -155204512 - 3?
-155204515
In base 6, what is 5 + 50140532?
50140541
In base 16, what is 4 - 7813cc?
-7813c8
In base 6, what is 53323251 - -20?
53323311
In base 6, what is -113352541450 + 2?
-113352541444
In base 5, what is -31440 - -112443?
31003
In base 7, what is -12523 - -566440?
553614
In base 7, what is 5 - 14623032?
-14623024
In base 12, what is 7b815 + a70?
80685
In base 12, what is 89 + 36023?
360b0
In base 10, what is 1 + -25790705?
-25790704
In base 5, what is 0 + -220042110340?
-220042110340
In base 12, what is -1a8578b - -5?
-1a85786
In base 10, what is 27 + -1181380?
-1181353
In base 13, what is -34c8a + 79?
-34c11
In base 10, what is 170 - -342939?
343109
In base 3, what is -212001212 + 1021110210?
102101221
In base 14, what is 5 + -aa7466b?
-aa74666
In base 15, what is -c3d9964 - 4?
-c3d9968
In base 11, what is 79 - -14aaa?
15078
In base 15, what is 1b9dee - -42?
1b9e41
In base 10, what is 212 - -21328?
21540
In base 16, what is 2 - ffc3b?
-ffc39
In base 12, what is 95 + 39540?
39615
In base 10, what is -15471010 - 5?
-15471015
In base 6, what is 2010053454 - -3?
2010053501
In base 16, what is -43 + b660?
b61d
In base 13, what is 1 + 10096705?
10096706
In base 14, what is -33d573 - 10c?
-33d681
In base 16, what is 2b3 - -38c2?
3b75
In base 13, what is 0 + 8697255?
8697255
In base 10, what is -5580291 + -222?
-5580513
In base 16, what is -4c + a8c1?
a875
In base 16, what is 276 + -7f52?
-7cdc
In base 10, what is 176 + -253?
-77
In base 11, what is 1 - 14a621?
-14a620
In base 15, what is -e78bdd9 + 1?
-e78bdd8
In base 16, what is -e45d72 - -12?
-e45d60
In base 11, what is -69 + -2945?
-2a03
In base 11, what is -352838 + a?
-352829
In base 11, what is -7a62 - -4976a?
41808
In base 12, what is 19 - -1a1724?
1a1741
In base 2, what is 110000001010111110 + -1101110101?
101111111101001001
In base 6, what is -122433 - 2004?
-124441
In base 7, what is -1052035 - 435?
-1052503
In base 16, what is 0 + 18cba?
18cba
In base 3, what is -1212120002010 + 22010?
-1212112210000
In base 8, what is 2 - 410725130?
-410725126
In base 16, what is 1ce1 + 52b?
220c
In base 7, what is -5 + -3330164531?
-3330164536
In base 9, what is -21731468 - -100?
-21731368
In base 7, what is 31601113 + -5?
31601105
In base 2, what is -1101000100011011000110 + -11111?
-1101000100011011100101
In base 5, what is -3002204 - -2304?
-2444400
In base 16, what is -96 + c050?
bfba
In base 12, what is -3351 + 48a?
-2a83
In base 3, what is -102020101111012202 + 12?
-102020101111012120
In base 4, what is -110323002013003 + 3?
-110323002013000
In base 6, what is -20010 + -1153305?
-1213315
In base 15, what is 7 + 3682c?
36834
In base 6, what is 1 + -3505521031?
-3505521030
In base 7, what is -12 - -12030321?
12030306
In base 13, what is -30655 - -12?
-30643
In base 13, what is -25c7 + 1ca22?
1a428
In base 9, what is 267008 + 21?
267030
In base 9, what is -2057 + -20744?
-22812
In base 16, what is -6 + -143d7d0?
-143d7d6
In base 7, what is -12 - 244126352?
-244126364
In base 5, what is 11 + 303031413?
303031424
In base 6, what is 11 + 2034422030?
2034422041
In base 14, what is 3334 + -3d1?
2d43
In base 5, what is 104113 - 333131?
-224013
In base 14, what is 59693 - -99?
5974c
In base 5, what is 31 - -134043002?
134043033
In base 2, what is 101010101001000000011011 - 0?
101010101001000000011011
In base 12, what is -27 - 243485?
-2434b0
In base 4, what is 2 + 103020221003?
103020221011
In base 14, what is 112cd8 - 36d?
112969
In base 6, what is 4 - -1352411345?
1352411353
In base 9, what is 5465 + -11754?
-5278
In base 3, what is 2212010211 + -122?
2212010012
In base 15, what is -30b64 - -990?
-301c4
In base 8, what is -44156 - -1742?
-42214
In base 12, what is 94725a - 75?
9471a5
In base 14, what is -2a - 5a6311?
-5a633b
In base 15, what is -61e + 27b0b?
274dc
In base 7, what is -336 + -145265?
-145634
In base 2, what is 10010111100010001 - 1010011?
10010111010111110
In base 11, what is 1992 + -1a01?
-1a
In base 2, what is 100110101 + -100000000011101010?
-11111111110110101
In base 8, what is -14626206 - 67?
-14626275
In base 13, what is 1 - -1647a6?
1647a7
In base 9, what is 270 + 235637?
236017
In base 11, what is -7794 + -356?
-803a
In base 14, what is -790407 - -15c?
-790289
In base 11, what is -4 + -1220486?
-122048a
In base 11, what is -43a7 - -3188?
-121a
In base 5, what is 112240201 + -11?
112240140
In base 5, what is -233 + 221333140?
221332402
In base 5, what is -333034 + 232?
-332302
In base 6, what is -4050 + 40151?
32101
In base 16, what is -8 + 3c595?
3c58d
In base 9, what is -3060778 + -4?
-3060783
In base 13, what is 5c9c - -1ac?
617b
In base 12, what is -932127b3 + 0?
-932127b3
In base 2, what is 111001011000000111111111 + -101?
111001011000000111111010
In base 3, what is 12 + 1101102021221000?
1101102021221012
In base 11, what is 5 - -1380849?
1380853
In base 9, what is -28 + 2852160?
2852131
In base 8, what is 11225 + -4505?
4520
In base 13, what is -2a - 372a59?
-372a86
In base 12, what is -4086a9 - 0?
-4086a9
In base 10, what is -264 - -711053?
710789
In base 16, what is -4799 - -3e9?
-43b0
In base 15, what is -c2 + -35042b?
-3504ed
In base 5, what is 10341344 - 111?
10341233
In base 12, what is -287991 - 11?
-2879a2
In base 15, what is 169121 - -b?
16912c
In base 2, what is 10110011001001101 - 10010111100101?
10100000001101000
In b